4).
-31
Let s(i) = -i**2 - 69*i - 771. Calculate s(-16).
77
Let s(b) = -8*b**2 + 231*b - 1056. Calculate s(23).
25
Let m(x) = 851*x + 10244. Calculate m(-12).
32
Let q(a) = 51*a - 4182. Determine q(80).
-102
Let z(j) = -157*j - 3. Calculate z(1).
-160
Let p(n) = -2*n**2 + 3*n - 44. What is p(9)?
-179
Let v(f) = f**3 - 57*f**2 + 105*f + 270. Determine v(55).
-5
Let a(f) = 47*f - 521. Give a(11).
-4
Let p(u) = -3*u**2 + 54*u - 45. What is p(17)?
6
Let d(t) = -126*t - 135. Give d(2).
-387
Let p(l) = 8*l**2 - 38*l - 147. Give p(-4).
133
Let n(q) = 19*q + 2. What is n(-2)?
-36
Let n(v) = 47*v**2 + 7417*v - 1434. Give n(-158).
-12
Let x(j) = j**3 + 5*j**2 - 47*j - 30. What is x(-10)?
-60
Let g(a) = -a**3 - 4*a**2 - 24*a - 54. Calculate g(-3).
9
Let s(c) = 20*c**2 + 221*c + 9. What is s(-11)?
-2
Let a(p) = p**2 - 164*p + 942. Determine a(6).
-6
Let u(f) = -67*f + 640. Give u(7).
171
Let z(i) = i**3 + 32*i**2 - 27*i + 1419. Give z(-34).
25
Let a(m) = -5*m**3 - 50*m**2 + 9*m + 74. What is a(-10)?
-16
Let k(n) = 8989*n - 44946. Calculate k(5).
-1
Let a(c) = -995*c + 6845. Calculate a(7).
-120
Let q(y) = -y**3 + 328*y**2 + 1322*y + 1992. Calculate q(332).
0
Let n(u) = -3*u**2 + 35*u - 172. Determine n(5).
-72
Let q(n) = n**2 + 36*n - 733. Determine q(-50).
-33
Let i(f) = -98*f - 1445. What is i(-21)?
613
Let d(b) = 12*b**2 - 403*b + 17. Give d(33).
-214
Let q(i) = 13*i - 419. Determine q(32).
-3
Let d(x) = -x**3 + 3*x**2 - 4*x - 51. Calculate d(-4).
77
Let v(y) = -30*y - 82. Calculate v(-2).
-22
Let l(i) = i**2 - 91. What is l(9)?
-10
Let l(c) = c**3 - c**2 - 50*c - 53. What is l(8)?
-5
Let b(g) = g**3 - 17*g**2 + 167*g - 1099. Give b(11).
12
Let w(j) = -1108*j + 13301. Determine w(12).
5
Let a(r) = 2*r**2 + 7*r - 86. Determine a(-8).
-14
Let s(w) = w**3 + 78*w**2 - 234*w - 5923. Give s(-80).
-3
Let n(q) = 117*q - 1514. What is n(13)?
7
Let h(y) = -y**3 + 10*y**2 + 2*y + 47. Give h(11).
-52
Let p(c) = -5*c**2 - 78*c + 380. Calculate p(4).
-12
Let g(h) = 3*h**2 + 8*h + 19. Give g(-3).
22
Let c(m) = m**3 + 10*m**2 + 21*m + 6. Give c(-6).
24
Let d(i) = 3*i**3 - 167*i**2 - 53*i - 170. What is d(56)?
-2
Let s(p) = -73*p + 1974. What is s(27)?
3
Let v(m) = 22*m + 42. Give v(4).
130
Let o(p) = 2*p**3 - 90*p**2 - 185*p - 139. What is o(47)?
2
Let b(i) = -8*i - 77. Determine b(-2).
-61
Let t(w) = -2*w**3 - 12*w**2 + 377*w - 32. Calculate t(11).
1
Let s(p) = -p**2 - 492*p - 9437. Calculate s(-20).
3
Let q(r) = -28*r**3 + r**2 - 55*r + 55. What is q(1)?
-27
Let r(l) = -17*l**3 + 2*l**2 - 42*l + 41. What is r(1)?
-16
Let h(p) = -2*p**3 + 57*p**2 + 22*p + 197. Give h(29).
-6
Let p(a) = -8*a**2 - 53*a - 13. Determine p(-8).
-101
Let o(i) = -8*i + 196. Give o(25).
-4
Let x(j) = 3527*j + 42310. Give x(-12).
-14
Let b(i) = 3*i**2 + 8*i - 3. Calculate b(-4).
13
Let w(m) = -349*m - 25130. What is w(-72)?
-2
Let v(l) = 24*l + 609. Give v(-26).
-15
Let m(i) = -319*i + 12155. Calculate m(38).
33
Let i(b) = 2*b**2 + 45*b + 13. Give i(-26).
195
Let d(q) = q**2 - 104*q + 408. What is d(100)?
8
Let u(i) = 27*i + 502. Give u(-23).
-119
Let f(z) = 18653*z + 130577. Calculate f(-7).
6
Let z(i) = -20*i**2 + 46*i - 27. Calculate z(1).
-1
Let m(w) = w**2 - 97*w + 1205. Determine m(15).
-25
Let q(j) = 3*j - 185. Give q(28).
-101
Let t(u) = 6*u**2 + 44*u - 380. What is t(-14)?
180
Let j(s) = 4*s + 199. Determine j(-55).
-21
Let i(l) = 15*l**2 - 229*l - 17. Calculate i(15).
-77
Let y(a) = -189*a - 834. Calculate y(-6).
300
Let i(j) = 4*j**2 + 47*j - 372. Determine i(7).
153
Let p(o) = 26*o - 1826. Give p(71).
20
Let l(v) = v**3 - 4*v**2 + 5*v - 63. Calculate l(6).
39
Let h(x) = 327*x - 2570. Calculate h(8).
46
Let m(o) = o**3 - 17*o**2 + 8*o + 159. Determine m(16).
31
Let p(r) = r**3 - 28*r**2 - 247*r + 8231. Give p(24).
-1
Let p(k) = -60*k - 1990. Calculate p(-36).
170
Let u(p) = 4*p**2 - 209*p - 143. Determine u(53).
16
Let r(b) = 31*b**2 - 26*b + 134. Determine r(4).
526
Let k(i) = -5*i**2 + 110*i + 17. What is k(23)?
-98
Let u(k) = -28*k - 78. Give u(-3).
6
Let h(r) = 13*r**2 - 1442*r - 111. Calculate h(111).
0
Let p(x) = 75*x - 2172. Give p(29).
3
Let p(x) = -x**2 - 23*x + 467. Give p(15).
-103
Let w(g) = -40*g**2 + g + 6. Determine w(-2).
-156
Let g(t) = -13*t**2 - 171*t + 1428. What is g(-19)?
-16
Let o(d) = -d**2 - 5*d + 33. Calculate o(5).
-17
Let o(g) = -6*g**2 - 210*g + 452. Determine o(2).
8
Let z(c) = -4*c**2 + 18*c + 24. Give z(6).
-12
Let p(x) = x**3 + 126*x**2 + 718*x - 236. Give p(-120).
4
Let d(w) = -12*w + 279. Give d(-7).
363
Let u(s) = -s**3 - 41*s**2 + 3*s + 142. What is u(-41)?
19
Let l(h) = 3125*h + 34401. Calculate l(-11).
26
Let o(r) = -r**2 + 69*r + 373. Give o(-5).
3
Let z(b) = -209*b - 2144. What is z(-10)?
-54
Let d(f) = f**2 - 215*f + 1262. Determine d(209).
8
Let t(j) = -72*j - 496. Give t(-6).
-64
Let g(d) = -d**2 + 9*d - 97. Determine g(0).
-97
Let o(p) = -309*p - 4627. What is o(-15)?
8
Let y(o) = 284*o - 1425. Determine y(5).
-5
Let h(c) = c**3 + 87*c**2 - 88*c - 57. Give h(-88).
-57
Let n(o) = 8919*o - 490550. Give n(55).
-5
Let i(v) = -v**3 - 40*v**2 - 330*v + 160. Determine i(-28).
-8
Let c(b) = -79*b**2 + 787*b - 9. Give c(10).
-39
Let r(v) = 1355*v + 8059. What is r(-6)?
-71
Let y(w) = w**3 - 24*w**2 + 134*w - 109. What is y(7)?
-4
Let g(i) = 20*i**2 - 2484*i + 484. Give g(124).
-12
Let p(m) = m**3 - 26*m**2 - 30*m + 63. Calculate p(27).
-18
Let m(c) = -5*c**3 - 702*c**2 - 266*c + 1968. Calculate m(-140).
8
Let c(h) = -1058*h - 12. Calculate c(0).
-12
Let h(z) = 3*z**2 - 43*z + 6. Calculate h(9).
-138
Let x(o) = -66*o - 116. Determine x(-6).
280
Let h(r) = 3*r**3 + 17*r**2 - 2*r - 21. Calculate h(-7).
-203
Let m(u) = 22*u - 1095. Determine m(53).
71
Let u(r) = 93*r**3 + 5*r**2 + 6*r - 30. Calculate u(0).
-30
Let q(g) = -48*g + 1090. What is q(23)?
-14
Let j(b) = 23*b**2 + 63*b + 63. What is j(-1)?
23
Let r(v) = -93*v + 294. Determine r(4).
-78
Let q(a) = a**3 - 20*a**2 - 42*a + 440. Calculate q(21).
-1
Let i(c) = -c**2 - 27*c + 261. Calculate i(12).
-207
Let y(g) = g**2 + 14*g + 147. Determine y(-13).
134
Let f(q) = 9*q**3 - 9*q**2 - 3*q + 11. What is f(-3)?
-304
Let r(q) = 20*q - 22. Determine r(2).
18
Let k(t) = -6*t**3 - t**2 - 9*t + 71. Give k(0).
71
Let a(o) = -38*o - 2617. What is a(-65)?
-147
Let k(x) = -x**3 + x**2 - 478*x + 1930. What is k(4)?
-30
Let p(u) = -34*u - 1794. Calculate p(-53).
8
Let s(m) = 15*m**3 - m**2 - 11*m - 3. What is s(1)?
0
Let g(i) = -545*i**2 + 1085*i + 6. Give g(2).
-4
Let r(b) = 46*b + 234. What is r(-5)?
4
Let n(l) = -2*l**3 - 30*l**2 + 25*l - 34. What is n(-16)?
78
Let h(i) = 48*i - 217. What is h(6)?
71
Let a(c) = c**3 + 6*c**2 + 4*c + 22. Determine a(-3).
37
Let c(z) = -z**3 - 6*z**2 - z. What is c(-4)?
-28
Let o(c) = -885*c - 10618. Calculate o(-12).
2
Let n(r) = 342*r - 4117. Give n(12).
-13
Let v(w) = w**3 - 81*w**2 - 4*w + 263. Determine v(81).
-61
Let a(l) = 2*l**3 - 166*l**2 - 332*l - 643. Calculate a(85).
37
Let a(w) = -w**3 + 16*w**2 - 6*w + 94. Determine a(14).
402
Let f(l) = 3*l**2 - 19*l - 42. Give f(13).
218
Let g(c) = -11*c**2 + 195*c. Determine g(19).
-266
Let m(c) = 6*c**2 + 134*c - 85. Calculate m(-23).
7
Let c(t) = t**2 + 33*t + 312. What is c(-26)?
130
Let v(r) = 2*r**2 + 22*r + 176. What is v(-19)?
480
Let v(i) = -i**3 - 14*i**2 - 9*i - 91. Calculate v(-14).
35
Let w(m) = 2*m**3 - 20*m**2 + 8*m + 262. What is w(7)?
24
Let z(r) = r**2 - 14*r - 482. Determine z(-14).
-90
Let d(i) = -i**3 + 15*i**2 + 42*i + 1. What is d(17)?
137
Let k(w) = -7*w**2 - 313*w + 53. Determine k(-45).
-37
Let x(q) = q**2 + 45*q + 524. What is x(-24)?
20
Let a(p) = -46644*p + 279856. Determine a(6).
-8
Let v(r) = 40*r - 645. Give v(31).
595
Let s(u) = u**2 - 16*u + 55. Give s(5).
0
Let f(l) = -2*l**2 + 359*l + 184. Give f(180).
4
Let k(z) = -294*z + 1617. Calculate k(6).
-147
Let s(m) = -m**3 + m**2 + 6*m + 7. Calculate s(6).
-137
Let p(s) = 8*s**2 - 841*s - 3395. Determine p(109).
-16
Let n(k) = 6*k**2 - 4*k + 36. Calculate n(5).
166
Let n(w) = -w**3 + 27*w**2 + 38*w - 1662. What is n(26)?
2
Let i(l) = -14*l**2 - 23*l - 25. What is i(-6)?
-391
Let l(q) = -2157*q + 19501. Give l(9).
88
Let m(a) = -a**3 + 20*a**2 + 59*a + 41. Calculate m(22).
371
Let g(c) = 65*c + 735. Calculate g(-11).
20
Let q(x) = x**2 - 67*x + 